 p(x) = x**2 + x + 2. Let n(f) = -3*f**2 - 4*f - 6. Let k(u) = -2*n(u) - 7*p(u). What is k(i)?
-4
Let v(a) = a + 26. Suppose 0 = 5*w - 21*w. Determine v(w).
26
Suppose 28 + 104 = 4*d. Let l = d + -23. Let c be (-1 + 0)/((-2)/l). Let j(h) = h**2 - 4*h + 1. What is j(c)?
6
Let r(o) = 21*o - 2. Let y(s) = 10*s - 1. Let l(v) = -6*r(v) + 13*y(v). Let z(n) = -n + 16. Let c be z(12). Suppose 0 = c*k + k + 10. Give l(k).
-9
Let i(n) be the third derivative of 0 + 5/6*n**3 - 7/24*n**4 + 1/60*n**5 + 0*n - 3*n**2. Calculate i(6).
-1
Let c(j) = j**3 - 6*j**2 + j + 3. Let r be c(6). Let m be ((-6)/9)/((-3)/r). Let w(h) = -m*h + 4 + 6*h - 5*h. What is w(6)?
-2
Let c(n) be the third derivative of n**7/1260 + n**6/180 + n**5/40 - n**4/24 - n**2. Let q(l) be the second derivative of c(l). Determine q(-2).
3
Suppose 11*s = -0*s - 11. Let z(c) = -2*c + 3. Let a(j) = -2*j + 2. Let q(k) = -4*a(k) + 3*z(k). What is q(s)?
-1
Suppose -4 = 2*q + 2*q. Let x(t) = -12*t + 3. Let z(o) = 13*o - 4. Let h(n) = -3*x(n) - 2*z(n). Calculate h(q).
-11
Let o = 10 - 19. Let a(s) = s + 3. Let j be a(o). Let w(m) = -m**2 - 7*m - 5. What is w(j)?
1
Let x = 12 - 17. Let v(j) = -j**3 + 5*j**2 - 4*j + 2. Let f be v(4). Let s(h) = -f + 1 + 2 + h. Calculate s(x).
-4
Let b be -1 - 2 - (-6 + 0). Let u(t) = t - 5 - t**2 - 3*t - t**b + 3*t. Let y be u(0). Let j(a) = a + 11. Calculate j(y).
6
Let s(w) be the first derivative of w**4/4 - w**3/3 - w**2/2 - 16. What is s(2)?
2
Let w(s) = 2*s - 5*s**2 + 8*s**2 - 4*s**2 - s**3. What is w(-2)?
0
Let b = -1 - -1. Let u(r) = -4*r**2 + r**3 + b*r**3 + 0*r**3 + 4 - 6. Calculate u(4).
-2
Let i(y) = 2*y - 9. Let u(f) = -4*f + 0 + 2*f + 1 + f. Let q(n) = -i(n) - 3*u(n). Suppose 2*j + 6 = -6*c + 2*c, -c = 4*j + 19. Determine q(j).
1
Suppose -k = 3*k - 8. Let y(c) = -5 + 5*c + 0*c - c**k + c + 4. Give y(6).
-1
Let q(k) be the second derivative of -k**5/20 - 3*k**4/4 - 5*k**2 - k. Let y(r) = -r**3 - 8*r**2 + r - 9. Let l(c) = -5*q(c) + 6*y(c). Determine l(-5).
16
Suppose 2*h - i = h - 1, -9 = -3*i. Let t(n) = 5*n + 33. Let y(j) = -j - 8. Let x(a) = h*t(a) + 9*y(a). Let v be (-2)/(-6) - (-16)/6. Calculate x(v).
-3
Let r be 1/(-1 + (1 - 1)). Let l(i) = -9*i**2 - 3*i - 8. Let s(g) = 3*g**2 + g + 3. Let a(f) = -3*l(f) - 8*s(f). What is a(r)?
2
Let r(t) be the second derivative of -t**3/6 - 16*t. Determine r(2).
-2
Let i = 0 - -4. Let j(h) = -3 + i*h**2 - h - h**3 - h + 1. Calculate j(3).
1
Let c(d) = d**2 + 2*d - 3. Suppose -5*h + 46 = -2*i, 3*i = -2*i - 4*h - 82. Let j be -6*4/i*3. Suppose 4*b + 2*w + 16 = 0, -j*w + 0 + 8 = -2*b. What is c(b)?
5
Let g = 182 - 183. Let q(m) = 26*m**3 + m + 1. What is q(g)?
-26
Let i(z) = -3*z - 8. Let a(n) = -n - 3. Let u(m) = -8*a(m) + 3*i(m). Calculate u(-1).
1
Suppose -3*r + 40 = 2*r. Suppose 0*v - 2*v + r = 0. Let t(k) = 4*k + 4*k - 4 - 7*k. What is t(v)?
0
Let o be ((-7)/14)/((-2)/4). Let g(h) = -h**3 - 2*h + 1. Determine g(o).
-2
Let m(f) = 2*f**2 + 4*f + 4. Suppose -5*d + 4*d = -t + 2, -2*d - 9 = 3*t. Give m(d).
10
Let m(u) = -2*u**3 + u**3 + 2*u**3 - u + 0*u + 19. Calculate m(0).
19
Let g(d) = -6*d. Let b = 31 - 45. Let r = -7 - b. Let p = r - 8. What is g(p)?
6
Let n(v) = 2*v - 2 + 7 - 4*v. Determine n(-4).
13
Let q(w) = 2*w. Let j(i) = i**3 + 8*i**2 - 10*i - 8. Let k be j(-9). Suppose -k = -4*x - 9. Give q(x).
-4
Let w(r) = r**3 - 2*r**2 - 2*r - 4. Let j be w(3). Let q be j + 0 - 0 - -5. Let s(g) = -2*g**3 + 2 - q*g + 4*g**2 + 2*g + 3*g**3 + 5*g. Calculate s(-2).
4
Let i(b) = b**2 - 6*b + 4*b**2 + 5 - b**3 + 0*b**2. Calculate i(4).
-3
Let s(p) be the third derivative of p**7/2520 - 7*p**6/720 - p**5/30 + p**2. Let d(j) be the third derivative of s(j). Let g be 12/42 + 66/14. Give d(g).
3
Let a(c) be the third derivative of c**5/60 - 7*c**4/24 + 3*c**3/2 + c**2. Let j be (-4 - -10)/(2/2). Calculate a(j).
3
Let r(g) = -g**3 + 5*g**2 - 2*g - 7. Let i(z) = z**2 - 9*z - 5. Let q be i(10). Give r(q).
-17
Let q be (0 - 2) + 3 + 0. Let o(s) = -s**2 - 6*s + 1. Let p be o(-6). Let b(t) = q + 1 - t**2 - p. Determine b(1).
0
Let y(i) = i**3 - 1. Let p(a) = -a**3 - 4*a**3 - 4*a**2 - 2*a**3 + 6 - 2*a. Let n(f) = p(f) + 6*y(f). What is n(-2)?
-4
Let n(r) = -1. Let h(y) = -y**2 - y - 1. Let t(a) = h(a) - 3*n(a). Let g be t(-3). Let z(c) = -c**3 - 3*c**2 + 4*c + 4. What is z(g)?
4
Suppose 2*p - 5*p + 12 = 0. Let u = p - 8. Let o(g) = -2*g + g + 2 - 4. Determine o(u).
2
Let z(u) be the second derivative of 2*u**2 + 0 - 2*u + 1/3*u**3. Let g(x) = -x**3 - 6*x**2 - 3*x + 6. Let i be g(-5). Calculate z(i).
-4
Suppose -6 = -5*b + 2*b. Let g(z) be the second derivative of 5/2*z**b + 2*z - 1/6*z**3 + 0. Give g(5).
0
Let k(h) = -26*h + 17. Let x(v) = -9*v + 6. Let y(q) = -3*k(q) + 8*x(q). What is y(2)?
9
Let m(q) be the third derivative of -q**5/60 + q**4/6 - q**3/3 + q**2. Let i(p) = p + 1. Let t be i(3). Calculate m(t).
-2
Let a(j) = -4*j + 1. Let m = -30 + 39. Let g(k) = 3*k - 2*k + 0*k. Let v(w) = m*g(w) + 2*a(w). Calculate v(2).
4
Let c(x) = x**2 + 5*x - 8. Let k be 0/(3 + -2 + -4). Suppose n + k*n = -6. Determine c(n).
-2
Let r(s) be the first derivative of 5/2*s**2 - 2/3*s**3 + 3 + 4*s. Calculate r(4).
-8
Let s(u) = u + 5. Let w = 4 - 9. Give s(w).
0
Let i = 18 - 13. Let v(z) = 7 - i - 1 - z. Determine v(-4).
5
Let s(u) = u**2 + 3. Let i be s(0). Let x(h) = -3 + 1 - h**i + 0*h**3 - h + 1. Calculate x(0).
-1
Let o(p) = 7*p**2 + p. Let h be (-50)/4*(-24)/30. Let a = h + -11. Give o(a).
6
Let h(t) = -t - 9. Let i(c) = -c + 10. Let x be i(8). Suppose x*p = 4*p. Give h(p).
-9
Let g be 1/(6/(-4) - -2). Suppose -2*x - g = 3*x + 4*b, 5*b = -4*x - 7. Let p(v) = -v + 4. Calculate p(x).
2
Let j(v) = v + 2. Let y(n) = -6*n**2 - 2*n + 1. Let b be y(1). Let g = b - -7. Determine j(g).
2
Suppose 5*o + 0*l + 2*l - 11 = 0, 3 = l. Let f be (12*o)/4 - 6. Let w(v) = v**3 + 2*v**2 - 4*v - 2. Determine w(f).
1
Let l(r) = r**2 - 7*r + 9. Let w be l(6). Let c = w + -3. Suppose -3*q - s = 2, c = 3*q - 8*q + s + 2. Let x(j) = -j**2 - j - 3. Calculate x(q).
-3
Let k(x) = 7*x**2 + 6*x + 3. Let u(z) = -12*z**2 - 11*z - 5. Let f(c) = 7*k(c) + 4*u(c). What is f(1)?
0
Let t be 1/1 - (0 + 14). Let a be 2/(-3) - t/(-3). Let r(i) be the first derivative of -i**3/3 - 7*i**2/2 - 4*i + 3. Calculate r(a).
6
Suppose 11 = 2*s - 0*k + 3*k, 3*k - 15 = -3*s. Suppose 9*w + 15 = s*w. Let f(x) be the second derivative of -x**5/20 - x**4/3 - x**3/6 - x. Calculate f(w).
-6
Let r(u) = 6*u + 3*u**2 - 8*u - 4*u - 4*u**2 - 5. Calculate r(-5).
0
Let a(w) = w - 4. Let m be a(4). Let y(k) be the third derivative of -k**4/24 + 5*k**3/6 - 4*k**2. Give y(m).
5
Suppose 14*h - 16*h = -4. Let q(t) = -t**3 + 4*t**2 + 3*t - 3. Give q(h).
11
Let y = 22 + -19. Let v(p) = p**3 - 4*p**2 + 5*p - 4. Give v(y).
2
Let t(q) = -7*q**2 + 6*q. Let d(s) = s**2 - s. Let j(i) = 5*d(i) + t(i). Let k = 5 + -3. Suppose 8 + 2 = 2*x - 4*m, 5*x = m - k. Determine j(x).
-3
Let x(q) = 2*q - 12. Let h be (-4)/10 - 47/(-5). Let m be x(h). Let z(l) = 3*l - 3. Let d(w) = -w + 1. Let n(a) = -2*d(a) - z(a). Calculate n(m).
-5
Let t(f) = -f - 1. Let q(u) = -2*u - 1. Let a(m) = -2*q(m) + 5*t(m). Let r = 50 + -56. Give a(r).
3
Suppose 5*l + 5 = -0. Let h(w) = w**3 + 5*w**2 + 6*w - 12. Let k(t) = t - 1. Let v be (36/(-15))/(4/(-10)). Let z(p) = l*h(p) + v*k(p). Give z(-5).
6
Let k(x) be the first derivative of -x**3/3 + 2*x**2 + 4*x - 3. Calculate k(6).
-8
Let k = -9 + 6. Suppose -2 + 12 = 5*x. Let c(h) = 0*h + x*h - h**2 + 3 - 7*h. Determine c(k).
9
Let c(b) = 4*b**3 - b + 0*b**2 - 3*b**3 - 2*b**2. Let w be c(3). Let j(y) = -3*y**2 + 2*y - 4 - 4*y + w. What is j(-2)?
-6
Let o(i) = -i**3 + 6*i**2 + i - 3. Let l be o(6). Let x(m) = -m**2 - 2*m. Let v(w) = 2*w**2 + 2*w + 1. Let h(u) = 3*v(u) + 4*x(u). What is h(l)?
15
Let l(x) = x - 4. Suppose y - 4*o + 1 = 2, 0 = -o + 1. Determine l(y).
1
Let w(t) = -t - 7. Let j(x) = 1. Let o(s) = -3*j(s) - w(s). Let c be o(0). Let k(l) = -3 + c + 2*l - 4*l + 1. Determine k(-4).
10
Let s(b) be the third derivative of -b**5/60 + b**4/4 - b**3/2 - 3*b**2. Calculate s(6).
-3
Suppose -3*u - 2*u = 35. Let q(y) = -10*y**2 + 4*y + 28. Let k(v) = 3*v**2 - v - 9. Let x(a) = u*k(a) - 2*q(a). Determine x(0).
7
Let q(z) = z**3 + 2*z**2 + z + 5. Let j be q(-2). Let m(u) = u**3 - 3*u**2 + 2*u - 3. What is m(j